s of 13132852?
2, 3283213
What are the prime factors of 15470351?
13, 19, 62633
What are the prime factors of 2418755?
5, 483751
What are the prime factors of 325469?
31, 10499
List the prime factors of 673105.
5, 103, 1307
What are the prime factors of 477607?
13, 36739
List the prime factors of 7193812.
2, 1033, 1741
What are the prime factors of 9927373?
9927373
List the prime factors of 386333.
386333
What are the prime factors of 135831?
3, 19, 2383
List the prime factors of 1709214.
2, 3, 13, 17, 1289
What are the prime factors of 729148?
2, 7, 26041
List the prime factors of 10765169.
10765169
What are the prime factors of 4676845?
5, 461, 2029
List the prime factors of 187368.
2, 3, 37, 211
List the prime factors of 3153.
3, 1051
What are the prime factors of 320382?
2, 3, 17, 349
What are the prime factors of 18550540?
2, 5, 641, 1447
What are the prime factors of 2871334?
2, 17, 79, 1069
List the prime factors of 169350.
2, 3, 5, 1129
List the prime factors of 123048.
2, 3, 1709
What are the prime factors of 297893?
297893
List the prime factors of 1031138.
2, 163, 3163
List the prime factors of 1245446.
2, 622723
List the prime factors of 24248159.
13, 1865243
What are the prime factors of 25149112?
2, 263, 11953
What are the prime factors of 2041767?
3, 7, 13, 277
List the prime factors of 3475068.
2, 3, 289589
List the prime factors of 1423052.
2, 355763
What are the prime factors of 108974?
2, 23, 103
What are the prime factors of 297429?
3, 11, 9013
List the prime factors of 4778566.
2, 13, 239, 769
What are the prime factors of 10515466?
2, 13, 197, 2053
List the prime factors of 364124.
2, 29, 43, 73
List the prime factors of 1642464.
2, 3, 1901
List the prime factors of 722390.
2, 5, 29, 47, 53
List the prime factors of 20303669.
103, 197123
List the prime factors of 1501473.
3, 149, 3359
List the prime factors of 2015209.
7, 287887
What are the prime factors of 10458854?
2, 7, 19, 41, 137
List the prime factors of 2202733.
13, 23, 53, 139
List the prime factors of 617349.
3, 205783
What are the prime factors of 939435?
3, 5, 7, 23, 389
List the prime factors of 552332.
2, 11, 12553
What are the prime factors of 229776?
2, 3, 4787
List the prime factors of 308004.
2, 3, 25667
What are the prime factors of 182246?
2, 293, 311
List the prime factors of 1557852.
2, 3, 131, 991
List the prime factors of 360949.
360949
What are the prime factors of 26247286?
2, 13, 17, 43, 1381
List the prime factors of 2315641.
2315641
What are the prime factors of 454269?
3, 151423
What are the prime factors of 150606?
2, 3, 2789
List the prime factors of 2297321.
13, 61, 2897
List the prime factors of 62316.
2, 3, 577
List the prime factors of 1271588.
2, 107, 2971
List the prime factors of 189502.
2, 41, 2311
List the prime factors of 764532.
2, 3, 7079
List the prime factors of 9963650.
2, 5, 101, 1973
What are the prime factors of 499422?
2, 3, 7, 11, 23, 47
What are the prime factors of 166983?
3, 55661
List the prime factors of 1705345.
5, 19, 29, 619
What are the prime factors of 703114?
2, 19, 18503
List the prime factors of 5350241.
13, 411557
What are the prime factors of 295739?
433, 683
List the prime factors of 210650.
2, 5, 11, 383
What are the prime factors of 185728?
2, 1451
List the prime factors of 4667533.
13, 359041
What are the prime factors of 29418210?
2, 3, 5, 326869
What are the prime factors of 195380?
2, 5, 9769
What are the prime factors of 316131?
3, 167, 631
What are the prime factors of 28611918?
2, 3, 17, 93503
What are the prime factors of 80338?
2, 40169
List the prime factors of 10739971.
11, 17, 79, 727
List the prime factors of 10673374.
2, 43, 79, 1571
What are the prime factors of 246238?
2, 23, 53, 101
List the prime factors of 3767112.
2, 3, 52321
What are the prime factors of 864681?
3, 288227
What are the prime factors of 20126499?
3, 2311, 2903
List the prime factors of 2614490.
2, 5, 53, 4933
List the prime factors of 1495579.
863, 1733
List the prime factors of 835069.
19, 43951
What are the prime factors of 2595302?
2, 1297651
What are the prime factors of 2828320?
2, 5, 11, 1607
What are the prime factors of 124094?
2, 62047
What are the prime factors of 1806525?
3, 5, 7, 31, 37
What are the prime factors of 1711558?
2, 19, 73, 617
What are the prime factors of 45062?
2, 22531
List the prime factors of 420393.
3, 17, 8243
What are the prime factors of 214307?
41, 5227
What are the prime factors of 7401671?
683, 10837
List the prime factors of 587824.
2, 36739
List the prime factors of 261670.
2, 5, 137, 191
What are the prime factors of 222339?
3, 13, 5701
What are the prime factors of 5934908?
2, 7, 29, 7309
List the prime factors of 108950.
2, 5, 2179
List the prime factors of 2260274.
2, 131, 8627
List the prime factors of 3542908.
2, 885727
What are the prime factors of 96758?
2, 101, 479
What are the prime factors of 201937?
201937
List the prime factors of 596837.
41, 14557
List the prime factors of 641526.
2, 3, 106921
List the prime factors of 685198.
2, 342599
List the prime factors of 761603.
761603
List the prime factors of 448481.
11, 40771
What are the prime factors of 15599464?
2, 1949933
What are the prime factors of 283342?
2, 141671
List the prime factors of 1277995.
5, 23, 11113
What are the prime factors of 2362471?
1033, 2287
What are the prime factors of 104622?
2, 3, 7, 47, 53
What are the prime factors of 772578?
2, 3, 19, 251
List the prime factors of 1386541.
13, 106657
What are the prime factors of 258793?
137, 1889
List the prime factors of 1297314.
2, 3, 72073
What are the prime factors of 292961?
17, 19, 907
What are the prime factors of 663271?
7, 19, 4987
What are the prime factors of 10259729?
31, 139, 2381
List the prime factors of 1836573.
3, 23, 43, 619
List the prime factors of 525549.
3, 167, 1049
What are the prime factors of 484414?
2, 7, 4943
What are the prime factors of 3915833?
269, 14557
What are the prime factors of 3426994?
2, 1713497
What are the prime factors of 17719067?
17719067
What are the prime factors of 65955?
3, 5, 4397
What are the prime factors of 307568?
2, 47, 409
List the prime factors of 130206.
2, 3, 21701
List the prime factors of 2114051.
67, 139, 227
List the prime factors of 1169165.
5, 19, 31, 397
What are the prime factors of 33102876?
2, 3, 17, 162269
List the prime factors of 3953436.
2, 3, 107, 3079
List the prime factors of 32290.
2, 5, 3229
List the prime factors of 9751849.
9751849
What are the prime factors of 16702686?
2, 3, 7, 11, 13, 103
List the prime factors of 10776802.
2, 853, 6317
What are the prime factors of 136019?
13, 10463
What are the prime factors of 8165257?
347, 23531
List the prime factors of 90519.
3, 11, 13, 211
What are the prime factors of 11783675?
5, 61, 7727
List the prime factors of 766850.
2, 5, 7, 313
List the prime factors of 542624.
2, 31, 547
What are the prime factors of 304471?
29, 10499
List the prime factors of 1609369.
521, 3089
List the prime factors of 971485.
5, 331, 587
What are the prime factors of 652671?
3, 23, 1051
What are the prime factors of 5523162?
2, 3, 89, 10343
List the prime factors of 112326.
2, 3, 97, 193
What are the prime factors of 289923?
3, 241, 401
What are the prime factors of 3928761?
3, 436529
What are the prime factors of 270436?
2, 17, 41, 97
What are the prime factors of 438023?
127, 3449
List the prime factors of 3152872.
2, 229, 1721
What are the prime factors of 2242035?
3, 5, 49823
List the prime factors of 1537319.
7, 29, 7573
List the prime factors of 7459222.
2, 23, 167, 971
List the prime factors of 9279874.
2, 59, 78643
What are the prime factors of 26289137?
7, 536513
List the prime factors of 2439608.
2, 467, 653
What are the prime factors of 1559044?
2, 389761
List the prime factors of 248492.
2, 23, 37, 73
List the prime factors of 9816847.
9816847
List the prime factors of 19183141.
19, 31, 32569
List the prime factors of 13526190.
2, 3, 5, 16699
List the prime factors of 2451750.
2, 3, 5, 7, 467
List the prime factors of 437048.
2, 54631
What are the prime factors of 123600?
2, 3, 5, 103
What are the prime factors of 124407?
3, 23, 601
List the prime factors of 8302758.
2, 3, 29, 47717
List the prime factors of 3207621.
3, 1069207
List th